remainder when 321 is divided by 46.
45
Calculate the remainder when 392 is divided by 54.
14
What is the remainder when 256 is divided by 61?
12
Calculate the remainder when 4765 is divided by 227.
225
What is the remainder when 29 is divided by 21?
8
What is the remainder when 202 is divided by 129?
73
Calculate the remainder when 1508 is divided by 10.
8
Calculate the remainder when 152 is divided by 113.
39
Calculate the remainder when 416 is divided by 142.
132
What is the remainder when 6577 is divided by 14?
11
What is the remainder when 3180 is divided by 42?
30
What is the remainder when 97 is divided by 21?
13
What is the remainder when 139 is divided by 26?
9
Calculate the remainder when 374 is divided by 54.
50
Calculate the remainder when 216 is divided by 58.
42
What is the remainder when 64 is divided by 3?
1
What is the remainder when 6212 is divided by 49?
38
What is the remainder when 14367 is divided by 30?
27
What is the remainder when 117 is divided by 76?
41
Calculate the remainder when 1233 is divided by 207.
198
Calculate the remainder when 1186 is divided by 236.
6
Calculate the remainder when 57 is divided by 29.
28
Calculate the remainder when 452 is divided by 29.
17
What is the remainder when 66 is divided by 37?
29
What is the remainder when 164 is divided by 59?
46
Calculate the remainder when 104 is divided by 18.
14
What is the remainder when 105 is divided by 22?
17
What is the remainder when 1346 is divided by 10?
6
Calculate the remainder when 747 is divided by 225.
72
Calculate the remainder when 145 is divided by 74.
71
What is the remainder when 262 is divided by 50?
12
What is the remainder when 268 is divided by 256?
12
What is the remainder when 71 is divided by 25?
21
Calculate the remainder when 5535 is divided by 1383.
3
What is the remainder when 2410 is divided by 34?
30
Calculate the remainder when 1026 is divided by 68.
6
What is the remainder when 86 is divided by 13?
8
Calculate the remainder when 17 is divided by 11.
6
Calculate the remainder when 1424 is divided by 102.
98
What is the remainder when 80 is divided by 8?
0
Calculate the remainder when 1691 is divided by 331.
36
What is the remainder when 59 is divided by 33?
26
Calculate the remainder when 931 is divided by 134.
127
Calculate the remainder when 131 is divided by 99.
32
Calculate the remainder when 915 is divided by 217.
47
What is the remainder when 29 is divided by 5?
4
Calculate the remainder when 38427 is divided by 83.
81
Calculate the remainder when 34 is divided by 7.
6
What is the remainder when 336 is divided by 57?
51
What is the remainder when 300 is divided by 36?
12
What is the remainder when 700 is divided by 16?
12
What is the remainder when 1104 is divided by 298?
210
What is the remainder when 232 is divided by 195?
37
What is the remainder when 158 is divided by 9?
5
Calculate the remainder when 965 is divided by 180.
65
Calculate the remainder when 590 is divided by 101.
85
What is the remainder when 1169 is divided by 16?
1
Calculate the remainder when 148 is divided by 54.
40
What is the remainder when 114 is divided by 51?
12
What is the remainder when 121 is divided by 115?
6
Calculate the remainder when 896 is divided by 69.
68
What is the remainder when 803 is divided by 55?
33
What is the remainder when 43 is divided by 8?
3
What is the remainder when 41178 is divided by 371?
368
Calculate the remainder when 834 is divided by 121.
108
Calculate the remainder when 915 is divided by 27.
24
What is the remainder when 1965 is divided by 123?
120
Calculate the remainder when 1198 is divided by 417.
364
Calculate the remainder when 233 is divided by 13.
12
What is the remainder when 14019 is divided by 20?
19
Calculate the remainder when 1988 is divided by 23.
10
Calculate the remainder when 5199 is divided by 18.
15
What is the remainder when 71 is divided by 16?
7
What is the remainder when 3023 is divided by 28?
27
What is the remainder when 1375 is divided by 53?
50
What is the remainder when 542 is divided by 14?
10
What is the remainder when 8305 is divided by 151?
0
What is the remainder when 4829 is divided by 26?
19
Calculate the remainder when 3858 is divided by 13.
10
Calculate the remainder when 506 is divided by 47.
36
What is the remainder when 1389 is divided by 86?
13
Calculate the remainder when 388 is divided by 56.
52
Calculate the remainder when 17428 is divided by 105.
103
Calculate the remainder when 2257 is divided by 254.
225
Calculate the remainder when 1240 is divided by 138.
136
What is the remainder when 680 is divided by 174?
158
What is the remainder when 95 is divided by 11?
7
What is the remainder when 957 is divided by 15?
12
What is the remainder when 289 is divided by 113?
63
What is the remainder when 584 is divided by 54?
44
Calculate the remainder when 105 is divided by 51.
3
Calculate the remainder when 97 is divided by 3.
1
What is the remainder when 199 is divided by 25?
24
What is the remainder when 11319 is divided by 18?
15
Calculate the remainder when 478 is divided by 232.
14
Calculate the remainder when 3738 is divided by 93.
18
Calculate the remainder when 6818 is divided by 15.
8
What is the remainder when 2398 is divided by 15?
13
Calculate the remainder when 212 is divided by 81.
50
What is the remainder when 35321 is divided by 87?
86
Calculate the remainder when 200 is divided by 9.
2
Calculate the remainder when 57 is divided by 20.
17
Calculate the remainder when 2655 is divided by 35.
30
What is the remainder when 901 is divided by 245?
166
What is the remainder when 97 is divided by 17?
12
What is the remainder when 1332 is divided by 92?
44
What is the remainder when 103 is divided by 24?
7
What is the remainder when 2449 is divided by 813?
10
Calculate the remainder when 213 is divided by 209.
4
What is the remainder when 202 is divided by 62?
16
Calculate the remainder when 101 is divided by 55.
46
Calculate the remainder when 1194 is divided by 130.
24
What is the remainder when 340 is divided by 91?
67
What is the remainder when 129 is divided by 92?
37
What is the remainder when 113 is divided by 9?
5
What is the remainder when 2109 is divided by 32?
29
Calculate the remainder when 3550 is divided by 438.
46
Calculate the remainder when 101 is divided by 57.
44
Calculate the remainder when 3412 is divided by 170.
12
Calculate the remainder when 5788 is divided by 14.
6
Calculate the remainder when 70 is divided by 58.
12
What is the remainder when 109 is divided by 38?
33
What is the remainder when 1634 is divided by 165?
149
What is the remainder when 76 is divided by 49?
27
Calculate the remainder when 319 is divided by 24.
7
Calculate the remainder when 1915 is divided by 71.
69
Calculate the remainder when 25 is divided by 10.
5
Calculate the remainder when 462 is divided by 24.
6
What is the remainder when 304 is divided by 58?
14
Calculate the remainder when 383 is divided by 43.
39
Calculate the remainder when 218 is divided by 44.
42
Calculate the remainder when 1425 is divided by 12.
9
What is the remainder when 273 is divided by 48?
33
Calculate the remainder when 293 is divided by 42.
41
Calculate the remainder when 848 is divided by 14.
8
Calculate the remainder when 2417 is divided by 139.
54
What is the remainder when 24879 is divided by 149?
145
Calculate the remainder when 830 is divided by 13.
11
What is the remainder when 39 is divided by 27?
12
Calculate the remainder when 1078 is divided by 22.
0
Calculate the remainder when 797 is divided by 164.
141
What is the remainder when 4197 is divided by 120?
117
Calculate the remainder when 397 is divided by 19.
17
Calculate the remainder when 922 is divided by 240.
202
Calculate the remainder when 4217 is divided by 222.
221
What is the remainder when 321 is divided by 93?
42
What is the remainder when 8552 is divided by 428?
420
Calculate the remainder when 164 is divided by 56.
52
Calculate the remainder when 129 is divided by 66.
63
Calculate the remainder when 105 is divided by 58.
47
What is the remainder when 1241 is divided by 38?
25
What is the remainder when 245 is divided by 21?
14
Calculate the remainder when 1177 is divided by 236.
233
Calculate the remainder when 5